{"id":859,"date":"2016-05-24T03:22:06","date_gmt":"2016-05-24T06:22:06","guid":{"rendered":"http:\/\/sintrapel-limeira.web2394.uni5.net\/2016\/?page_id=859"},"modified":"2016-05-24T03:23:13","modified_gmt":"2016-05-24T06:23:13","slug":"clube-de-campo","status":"publish","type":"page","link":"http:\/\/sintrapel-limeira.org.br\/index.php\/servicos\/clube-de-campo\/","title":{"rendered":"Clube de Campo"},"content":{"rendered":"<p>O Sindicato dos Papeleiros de Limeira coloca a disposi\u00e7\u00e3o dos Associados Clube de Campo para realiza\u00e7\u00e3o de churrascos, casamentos, anivers\u00e1rios e eventos em geral. O agendamento deve ser realizado com 1 m\u00eas de anteced\u00eancia (Casamentos precisam ser agendados com no m\u00ednimo 3 meses de anteced\u00eancia).<\/p>\n<p>Os hor\u00e1rios para usufruto do nosso Clube de Campo \u00e9:<br \/>\n<strong>S\u00e1bado das 8h00 \u00e0s 18h30<\/strong><br \/>\n<strong>Domingo das 8h00 \u00e0s 17h00<\/strong><\/p>\n<p>Caso seja excedido o hor\u00e1rio, ser\u00e1 cobrada uma taxa adicional.<br \/>\n\u00c9 o Sindicato dos Papeleiros de Limeira proporcionando momentos de lazer e alegria para os associados e seus dependentes.<\/p>\n<p>Para mais informa\u00e7\u00f5es, entre em contato com o nosso Sindicato pelo telefone (19) 3441-9046.<\/p>\n","protected":false},"excerpt":{"rendered":"<p>O Sindicato dos Papeleiros de Limeira coloca a disposi\u00e7\u00e3o dos Associados Clube de Campo para realiza\u00e7\u00e3o de churrascos, casamentos, anivers\u00e1rios e eventos em geral. O agendamento deve ser realizado com&hellip; <\/p>\n","protected":false},"author":1,"featured_media":0,"parent":576,"menu_order":2,"comment_status":"closed","ping_status":"closed","template":"","meta":{"footnotes":""},"class_list":["post-859","page","type-page","status-publish","hentry"],"_links":{"self":[{"href":"http:\/\/sintrapel-limeira.org.br\/index.php\/wp-json\/wp\/v2\/pages\/859"}],"collection":[{"href":"http:\/\/sintrapel-limeira.org.br\/index.php\/wp-json\/wp\/v2\/pages"}],"about":[{"href":"http:\/\/sintrapel-limeira.org.br\/index.php\/wp-json\/wp\/v2\/types\/page"}],"author":[{"embeddable":true,"href":"http:\/\/sintrapel-limeira.org.br\/index.php\/wp-json\/wp\/v2\/users\/1"}],"replies":[{"embeddable":true,"href":"http:\/\/sintrapel-limeira.org.br\/index.php\/wp-json\/wp\/v2\/comments?post=859"}],"version-history":[{"count":1,"href":"http:\/\/sintrapel-limeira.org.br\/index.php\/wp-json\/wp\/v2\/pages\/859\/revisions"}],"predecessor-version":[{"id":860,"href":"http:\/\/sintrapel-limeira.org.br\/index.php\/wp-json\/wp\/v2\/pages\/859\/revisions\/860"}],"up":[{"embeddable":true,"href":"http:\/\/sintrapel-limeira.org.br\/index.php\/wp-json\/wp\/v2\/pages\/576"}],"wp:attachment":[{"href":"http:\/\/sintrapel-limeira.org.br\/index.php\/wp-json\/wp\/v2\/media?parent=859"}],"curies":[{"name":"wp","href":"https:\/\/api.w.org\/{rel}","templated":true}]}}